m)?
-7
Let k be (3/2 + -2)*10. Suppose 2*j - j = -3. Let c = j - k. Let o(g) = -g. Give o(c).
-2
Let j = 1011 - 1013. Let i(w) = w**3 + 4*w**2 + 4*w + 1. Determine i(j).
1
Let l(k) = -k**2 + 9*k + 2. Suppose -5*b + 4*y = -49, -3*b - b = 2*y - 34. Let g be l(b). Suppose -g*r - 15 = r. Let a(s) = s**2 + 8*s + 5. What is a(r)?
-10
Let y be 1*0/(4 + -3). Let j(t) = -t**3 - 5 + 23*t**2 - 22*t**2 + 2. What is j(y)?
-3
Let t(p) = p**3 + 9*p**2 + 2. Let f(y) = 3*y - 2*y**2 + 3*y - 3*y. Let h be f(3). Determine t(h).
2
Let c = 56 + -46. Let v(r) = 2*r + 5. Give v(c).
25
Let i(q) = -3*q**3 - 10*q**2 + q - 15. Let v(g) = 4*g**3 + 11*g**2 - 3*g + 17. Let t(f) = 5*i(f) + 4*v(f). Determine t(7).
-7
Suppose h = 5*s - 18, 5*h + 7 + 3 = 5*s. Let q(m) = m + 1. Let k(n) = -4*n + 4. Let o = 1 + -2. Let b(r) = o*q(r) + k(r). Give b(h).
-7
Let c(x) be the third derivative of 1/60*x**5 + 0*x - 1/6*x**3 + 0 - 1/6*x**4 - 2*x**2. Let k(s) = s**2 - 9*s + 11. Let a be k(8). Give c(a).
-4
Let w(x) = x**3 + 7*x**2 - x - 4. Suppose -4*o + 5*l - 1 = -90, l = -4*o + 59. Suppose 5*n + f + o = 2*n, -20 = -4*f. Give w(n).
3
Let g(k) = -k - 2. Suppose 0 = -2*p + 2*l + 10, 0*p + 5*p = -5*l + 45. Let j = p + -5. Suppose -j*h + 20 = 3*h. Calculate g(h).
-6
Let a(y) be the second derivative of 4*y**3/3 + 7*y**2/2 - 207*y. Calculate a(-6).
-41
Let n = -9 + 11. Let q be (-8)/2 + 1 + 2. Let v(l) = -8*l**2 + 2*l + 5. Let m(u) = -u**2 + 1. Let a(p) = q*v(p) + 6*m(p). Give a(n).
5
Suppose 2*q + 2 + 0 = 0. Let t(h) be the third derivative of -7*h**4/8 - h**3/6 - 1904*h**2. Calculate t(q).
20
Let s be ((-152)/(-32) - 5) + (-65)/(-20). Let c(b) = -b**3 + 2*b**2 + 2*b - 7. Determine c(s).
-10
Let z(y) = -14*y**2 - 2*y + 25. Let o(v) = -7*v**2 - v + 11. Let h(u) = 9*o(u) - 4*z(u). Give h(1).
-9
Let b(w) = -w**3 + 9*w**2 + 6*w - 3. Let s(g) = -3*g**3 + 26*g**2 + 18*g - 9. Let o(a) = -17*b(a) + 6*s(a). Give o(4).
5
Let u(w) = -3*w - 4. Suppose -4*d + 7*d = -15, -5*d - 25 = -t. Let n(s) = 7*s - 157. Let k be n(23). Suppose -y - k + 1 = t. Calculate u(y).
5
Let u(i) = 21*i**3 - i**2 + 7*i - 5. Let c(h) = 31*h**3 - h**2 + 10*h - 7. Let r(q) = 5*c(q) - 7*u(q). Calculate r(-1).
-7
Let b be 2*(-7)/(-2) + -1. Let g(k) = -k**3 + 5*k**2 + 8*k - 7. Let q be g(b). Suppose -26 = q*y - 11. Let z(p) = 2*p**2 + 5*p + 2. Determine z(y).
5
Let h(c) = -315*c - 319*c + 638*c + 3. Calculate h(-3).
-9
Let z(u) = -31 - 38 - 26 + 91 - 3*u. Calculate z(4).
-16
Let o(j) = -j**2 - 13*j + 3. Let b(g) = -g**2 + 2*g + 86. Let y be b(-9). Determine o(y).
3
Let p(z) = 3*z**3 + 17*z**2 + 21*z + 17. Let w(h) = -16*h**3 - 84*h**2 - 106*h - 85. Let a(c) = -11*p(c) - 2*w(c). Calculate a(-18).
1
Let d(h) = -2*h - 1. Let l(s) = 4*s**2 - 6*s + 1. Let p be l(2). Determine d(p).
-11
Suppose 3*x - x + l = -11, 13 = -3*x + 2*l. Let q = -8 + 8. Let a(u) = -33*u + q + 32*u + 2. What is a(x)?
7
Suppose -l + 2*p + 3 = -3, 0 = -4*l - 4*p. Let i(k) = k**3 + 52*k**l - 2 - 4*k - 50*k**2 - 2 - k. Give i(-3).
2
Let d(c) = -c**3 + 7*c**2 + 1. Suppose 44 = 2*j + 5*q + 5, -3*j + 2*q + 11 = 0. Calculate d(j).
1
Let w(f) = -f**3 - 3*f**2 - f. Let x be w(-3). Suppose r - 3*r - 5*m + 25 = 0, -m + 5 = 5*r. Let s(u) = u + r*u - 1 + x. Give s(4).
6
Let p(o) be the second derivative of 0 + 5*o + 0*o**3 + 1/6*o**4 - 1/2*o**2. Let x be (-7)/(-4) + 5/20 + 0. What is p(x)?
7
Let k(u) be the first derivative of -u**4/4 + 5*u**3/3 + u**2/2 + 5*u - 105. Give k(4).
25
Let b(l) = -l**2 + 2*l + 8. Let f(h) = 7*h. Let q be f(0). Give b(q).
8
Let m(f) = 2*f**2 + f**2 - 21238*f - 5 + 21240*f. What is m(-2)?
3
Let s = -14 - -14. Let x(d) = -d - 3*d**2 - 2 + 4*d**2 + 9. Calculate x(s).
7
Let n(g) = -2*g. Let i(a) = -13*a - 4. Let h(c) = -i(c) + 2*n(c). Give h(-3).
-23
Let v(z) = -z**2 + 5*z + 4. Let l = 46 - 32. Suppose -u = f + u + 2, -f + 2*u + l = 0. Let s be v(f). Let b(r) = 3*r. Calculate b(s).
-6
Let c(r) = 909*r + 4 - 908*r + 18 + 4. Determine c(-20).
6
Let w(d) = -69*d - 12. Let t(s) = -25*s - 4. Let i(y) = -11*t(y) + 4*w(y). What is i(-4)?
0
Let m = -20 - -19. Let h(a) = 2*a**3 - 3*a**2 - a + 1. Let g(u) = 1. Let y be ((-2)/(-4) - (-6)/12)*-1. Let w(b) = m*g(b) + y*h(b). Determine w(2).
-4
Suppose -18*x + 1768 = 1696. Let b(y) be the first derivative of 1/3*y**3 + 0*y**2 - y + 6 + y**x. Calculate b(-1).
-4
Let c = 1 - -3. Suppose -p = -5*p - c. Let i(u) = 2*u**2 - 2 - 2 + u + 4. What is i(p)?
1
Let u(t) = 3 + 2 - 3 - 1. Let c(y) = 11*y - 4. Let m(j) = -c(j) - 3*u(j). What is m(1)?
-10
Let c(s) be the second derivative of -s**8/6720 + s**7/504 - s**6/360 + s**5/24 - 17*s**4/12 + 8*s. Let j(r) be the third derivative of c(r). Calculate j(4).
13
Let v(x) = 4*x + 6. Suppose -l + 49*l = -192. Calculate v(l).
-10
Let w(y) = -9*y - 2. Let t be w(-2). Let z(h) = 15*h**3 - t*h**3 - 5 - 2*h + 5*h**2 + 11. Determine z(4).
14
Suppose 51*j + 150 = -54. Let y(x) = x**2 + 10*x + 22. Determine y(j).
-2
Let r = -5 + 10. Suppose -6 = -2*j - 2*u - 2, 2*j - 11 = r*u. Let c(n) = -n**3 + 5*n**2 - 5*n + 3. Determine c(j).
6
Let d be 1*16 + 6/(-6). Let p(u) = u**2 - 13*u - 12. Let v be p(d). Suppose b + b - 34 = 4*m, -b = 3*m + v. Let x(t) = t**3 + 8*t**2 + 6*t - 5. Give x(m).
2
Let h(p) be the first derivative of -7*p**3/3 + 9*p**2 - 2*p + 11. Let k(b) = -4*b**2 + 9*b - 1. Let f(q) = -3*h(q) + 5*k(q). What is f(8)?
-7
Let d(a) be the second derivative of -a**6/144 + a**5/120 - 13*a**4/12 + 16*a. Let c(g) be the third derivative of d(g). Calculate c(1).
-4
Let t(n) be the third derivative of n**5/60 - n**3/3 + 11*n**2. Let o be t(-1). Let p(h) = -h + 1. Give p(o).
2
Let y(z) = -z**3 + 10*z**2 + z - 1. Let s(d) = d**2 + d - 1. Suppose 5*w + 29 = 4*v, 5*v - 3 = 2*w + 12. Let i(j) = v*y(j) - 2*s(j). What is i(8)?
-7
Let b(n) = n**2 - 10*n - 19. Let l be b(12). Let h(z) = l*z - 14*z**2 + 29*z**2 + 7 + z**3 - 8*z**2. Give h(-6).
13
Let w(v) = v**3 + 22*v**2 + 19*v - 45. Let d be w(-21). Let t(l) = l + 2. Calculate t(d).
-1
Suppose p - 4*t = -6, 2*p + t - 5*t = 0. Let n(l) = 2*l + 8. Let y be n(p). Suppose 2*m = y - 8. Let h(b) = -2*b + 7. Give h(m).
-5
Let f = -122 - -120. Let q(i) = i**3 - i**2 - 3*i - 1. Give q(f).
-7
Let d = -93 - -93. Suppose 0 = -d*t + 5*t - 25. Let s(y) = -y + 1. Calculate s(t).
-4
Let m(u) be the third derivative of 1/6*u**3 + 18*u**2 - 1/60*u**5 + 0 + 0*u + 3/8*u**4. Calculate m(9).
1
Let y(x) = -5*x**3 + 7*x**2 - 3*x - 22. Let h(t) = t**3 - t**2 + 3. Let a(i) = -6*h(i) - y(i). Give a(-3).
13
Let j be -7 - (-8)/(16/6). Let h(n) = 17*n + 10. Let t(q) = -6*q - 3. Let d(r) = -3*h(r) - 8*t(r). What is d(j)?
6
Suppose -3 = 4*j + 5. Let c(m) = 3. Let g(p) = p + 7. Let h(t) = j*g(t) + 5*c(t). Give h(-4).
9
Let w(h) be the third derivative of h**5/30 - h**4/8 - h**3/3 - 164*h**2 + 1. Calculate w(3).
7
Let x = -179 + 173. Let h(d) be the third derivative of d**5/120 + d**4/8 + d**3/2 + 3*d**2. Let i(n) be the first derivative of h(n). Determine i(x).
-3
Suppose -2*k + 14 = -2*x, 3*k = -4*x + 2*k - 28. Let h(r) = r**2 + 5*r - 8. What is h(x)?
6
Let a(d) = d**3 + d**2 + 11. Let y(u) = 34*u + 1. Let r be y(-1). Let c = -33 - r. Calculate a(c).
11
Let n(s) = -12*s + 8. Let f(h) = h - 2. Let t(p) = -4*f(p) - n(p). What is t(2)?
16
Let q be 9/24 - (-6 - 13/8). Let z(v) = -v**3 + 8*v**2 + 2*v - 4. Determine z(q).
12
Suppose -5*x + q = 43, 0 = -5*x + x - 2*q - 40. Let t(c) = c + 12. What is t(x)?
3
Let w(c) be the third derivative of -1/60*c**5 - 13*c**2 + 0*c + 0 - 1/12*c**4 - 2/3*c**3. Determine w(-3).
-7
Let s(h) = -3*h**3 - 5*h**2 + 6*h + 3. Let j(r) = -2*r**3 - 2*r**2 + 3*r + 1. Let d(u) = -5*j(u) + 3*s(u). Let z be (-22)/(-4) - (4 - (-40)/(-16)). Give d(z).
0
Let n(g) be the third derivative of g**4/24 + g**3 - 289*g**2. What is n(0)?
6
Suppose -2*m + 17 = 3. Let d(h) = -h**2 + 2*h + 33. Let r be d(m). Let s(z) = -3*z + 2. Determine s(r).
8
Let k(b) = -27661 - 2*b**3 - 6*b**2 + 27661 + 6*b**3 + 3*b - 3*b**3. Determine k(5).
-10
Let g(j) = 0*j - 23625 - j + 23637. Calculate g(8).
4
Suppose 2*u - 4*i = 3*u + 9, 15 = -4*u + 5*i. Let n = 9 + u. Let b(r) = 5*r - 8. Let j(h) = -10*h + 17. Let d(p) = -5*b(p) - 2*j(p). Determine d(n).
-14
Let l(j) = j**2 + 1. Let p = 9 - 3. Suppose h = p*h - 10. Give l(h).
5
Let w(p) = p**3 + 7*p**2 + 2*p. Let d(o) = 3*o**3 + 14*o**2 + 5*o. Let k(c)